112. Is 14 a factor of a?
False
Let n = 5 + -2. Suppose n*r + 8 = 17. Suppose 2*b = -5*c + c + 154, -4*c + r*b = -169. Is c a multiple of 14?
False
Let d(b) = -2*b**3 + b**2 + 4. Suppose 0*z - 2*z = 3*c, -5*z + 3*c = 21. Does 31 divide d(z)?
False
Is 16 a factor of (57/4)/((-6)/(-64))?
False
Let b be (-1)/2 + (-15)/(-6). Suppose 3*l = b*l + 14. Is l a multiple of 7?
True
Let v = 55 + 17. Does 4 divide v?
True
Let n = -10 + 15. Suppose 0 = -n*b - 52 + 197. Does 15 divide b?
False
Let u be (-3)/(-6)*8 + 10. Let s = u - 7. Is 5 a factor of s?
False
Let u(h) be the third derivative of -h**6/120 - h**5/15 - h**4/8 - 2*h**3/3 + 12*h**2. Suppose 0 = -2*t - 3*j + 7, 0 = -2*j + 4 + 6. Is u(t) a multiple of 4?
True
Let q = 63 - 41. Does 7 divide q?
False
Let g(k) = 3*k - 1. Suppose 0 = -i + 3 + 3. Is 16 a factor of g(i)?
False
Suppose 2*z - 5*z = 6. Is 12 a factor of 44 - (0 - -3) - z?
False
Let x = -26 - -58. Does 8 divide x?
True
Let a = 16 + -12. Does 4 divide a?
True
Let l(j) = -j**3 + 16*j**2 - 15*j + 18. Is 6 a factor of l(15)?
True
Let y = 108 + -76. Does 8 divide y?
True
Let w be (-2 + -106)/(2/(-4)). Suppose 4*y - 36 = w. Is 21 a factor of y?
True
Let q = -8 + 13. Suppose q*j = 19 - 4. Suppose j*h - 65 = 61. Does 17 divide h?
False
Let u(j) = 2*j**3 - j**2 - 3*j + 2. Let s be u(2). Suppose 3*r - 2*r = s. Is 8 a factor of r?
True
Let p(h) = 42*h**2 + 1 - 3 - 7*h - 41*h**2. Does 6 divide p(8)?
True
Is (-5)/(10/158)*-1 a multiple of 16?
False
Let u(g) = -g + 5. Let q be u(5). Suppose 2*y - 5*w = -33 + 121, q = -2*w - 4. Is y a multiple of 19?
False
Suppose 2 + 6 = 4*n. Suppose 14 = n*p - 22. Is p a multiple of 4?
False
Is 8 a factor of 1*32*1*(-3)/(-6)?
True
Let v = 13 + 5. Suppose m - n = -2*n + v, -2*m + 24 = -4*n. Does 8 divide m?
True
Let b(m) = 5*m**2 - m - 1. Let n be b(-1). Suppose 0 = -n*i + 2*i - 4*w + 356, 2*w = -4*i + 488. Suppose i = 6*d - 2*d. Is d a multiple of 13?
False
Suppose -8 = -3*q + 19. Let f = q + -4. Does 2 divide f?
False
Let j(m) = 5*m**3 - 5*m**2 - 6*m - 7. Let s(g) = 4*g**3 - 5*g**2 - 5*g - 6. Let u(q) = 3*j(q) - 4*s(q). Let i = 9 - 5. Does 14 divide u(i)?
False
Suppose 2 = -u + 3, u + 9 = -5*g. Is g/4 + 45/6 a multiple of 7?
True
Suppose 3*d - 23 = 10. Is 12 a factor of 1/2*(d - -85)?
True
Suppose 0 = -z + l - 5, -5*l = -2*z - l - 20. Suppose 3*n - 2 - 13 = z. Does 2 divide n?
False
Suppose -2 - 13 = b + 5*d, 0 = -3*b - 2*d - 6. Suppose b = -2*t - t + q + 7, -4*t + q + 8 = 0. Suppose y - 9 + 0 = -3*z, 0 = -z + y - t. Is z even?
True
Let h = 54 + -66. Suppose -6*k + 220 = -k. Let q = k - h. Is q a multiple of 28?
True
Let d = 7 + -4. Suppose 2*z + 1 = -d, -4*g = -3*z - 26. Suppose 0 = g*i - 5 - 45. Is 10 a factor of i?
True
Let b = 65 + -5. Is b a multiple of 11?
False
Let r = 105 - 67. Is r a multiple of 13?
False
Let d be (-80 + 3)/(-1) - -3. Suppose 3*s + d = 5*s. Is s a multiple of 11?
False
Suppose -l = -3*f + 19 - 7, 0 = -f + 3*l + 4. Let t be (-9)/4 - (-1)/f. Is 13 a factor of t*(13/(-2) + 0)?
True
Let k be (0 - (0 - -2))*-31. Is (-2 - 0) + k - -3 a multiple of 24?
False
Suppose 102 = 5*x - 793. Is x a multiple of 6?
False
Suppose 3*v - m + 1 = 19, v - 3*m - 14 = 0. Suppose v*d = 340 - 40. Does 20 divide d?
True
Let m = -1 + 3. Suppose m*p = -p + 15. Is p a multiple of 2?
False
Suppose -3*q = -k - 0*q + 35, -2*k = -5*q - 74. Is k a multiple of 24?
False
Suppose -4*t - 9 = 3*d + 5, -5*d = -4*t + 66. Let b = 32 + d. Is 8 a factor of b?
False
Suppose 0 = 4*h - 3*b - 288, 5*h - 54 = -4*b + 306. Is 9 a factor of h?
True
Let u = -3 - -5. Suppose u*y - 33 - 5 = 0. Does 8 divide y?
False
Is 3/(5/(1040/12)) a multiple of 24?
False
Let f = -157 + 212. Is f a multiple of 55?
True
Suppose -3*j - j + 260 = 0. Let k = j + -29. Suppose 3*l - 5*l = -k. Is l a multiple of 14?
False
Suppose -4*v = d - 19 + 5, 5*d = 3*v - 22. Suppose r = -2*c + 3*c - 6, 3*c - 4 = -v*r. Suppose n + c*n = 10. Does 2 divide n?
True
Let g = 171 + -241. Let k = g + 162. Suppose -3*t - 32 = -v + 6, -3*v - 2*t = -k. Is 16 a factor of v?
True
Let i(o) = -o**2 - 11*o - 2. Suppose -v - v = -2*u + 18, -3*u = -5*v - 37. Let q be i(v). Suppose -q = -3*g + 11. Does 13 divide g?
True
Let a be 0 + (-1)/((-3)/60). Suppose -2*h - 5 = h + t, 0 = -4*t - a. Suppose 3*j - 13 - 101 = h. Does 18 divide j?
False
Let f(b) = b**2 - 4*b - 3. Let w be f(5). Suppose -3*m - w*p = -14, -4*p = -2*m - 2*p - 4. Suppose 0 = j + 5*d - 2*d - 40, 132 = 5*j - m*d. Is 9 a factor of j?
False
Let t be 1 - ((-2 - -2) + -9). Suppose o = -0 + t. Suppose -4*q + 3*s - 2*s + 55 = 0, 0 = -2*s + o. Is q a multiple of 9?
False
Let w = -114 - -198. Does 28 divide w?
True
Suppose -w + 6 - 19 = 0. Let x = w - -27. Is 12 a factor of x?
False
Let c = -11 - -17. Suppose -2*f = j - 30, -5 = j - c*f + f. Does 10 divide j?
True
Suppose -3*o + 3*i + 152 = -43, -o + 2*i + 60 = 0. Is o a multiple of 14?
True
Let s(q) = 5*q**2 + 3*q - 1. Is s(2) a multiple of 5?
True
Let t(k) = -11*k + 2. Is 6 a factor of t(-2)?
True
Let k = -47 + 159. Is k a multiple of 8?
True
Let q be 12/(-15)*5/(-2). Suppose 2*c - 3*u = -45, 6*u - u - 55 = q*c. Let t = c - -47. Is 16 a factor of t?
True
Let h(i) = 6*i**3 - i**2. Let j be h(1). Let l = j + 2. Does 2 divide l?
False
Let l = 4 - 12. Let u = l + 13. Suppose 2*a + 30 = u*a. Is a a multiple of 4?
False
Let j(o) = 18*o + 26. Does 9 divide j(8)?
False
Let k(b) = b**3 + 4*b**2 + b + 3. Let g be k(-4). Is (g*2 + 3)*29 a multiple of 13?
False
Let j = 9 + -9. Suppose j*g + 280 = 4*k - 4*g, 0 = 3*g - 12. Let v = k - 38. Is 14 a factor of v?
False
Let s = -102 + 201. Is 19 a factor of s?
False
Let s be (2/6)/((-6)/(-54)). Let o(f) = -f**2 + s + 7 - 12*f + 3 - 5. Is 4 a factor of o(-12)?
True
Suppose 2*u - 3*u + 3 = 0. Suppose -2*c + u = -5. Suppose -c*o - 28 = -5*o. Is o a multiple of 14?
True
Suppose 4 = 5*p - 4*p. Suppose -2*k + 3*h + 2 = 0, p = 3*k - 7*h + 3*h. Suppose 4*i - 5*u - 125 = 0, -3*i + 75 + 19 = -k*u. Is 15 a factor of i?
True
Let b(u) be the second derivative of u**5/20 - 11*u**4/12 + 5*u**3/6 + 3*u**2 + 2*u. Suppose k + 3 - 14 = 0. Does 23 divide b(k)?
False
Suppose 4*r - 105 = 67. Let j = -29 + r. Is 14 a factor of j?
True
Let p be (1328/(-12))/(4/(-6)). Suppose -4*f + 322 = -m, -p = -2*f - 0*f - 2*m. Does 27 divide f?
True
Let h = -64 + 77. Is h a multiple of 13?
True
Let g = 3 + -7. Let n be 30/8 + g/(-16). Is 5 a factor of ((-2)/n)/((-2)/20)?
True
Suppose 0 = -3*u - 3*u + 72. Does 11 divide u?
False
Let v(b) = b**3 + 9*b**2 - 3*b - 8. Is 14 a factor of v(-8)?
False
Suppose -3*a + 0*a = -6. Suppose 3*m + 33 = a*l, -3*l + m = 6 - 59. Is 9 a factor of l?
True
Let n = 52 + -22. Does 10 divide n?
True
Let l = -232 - -142. Let s = -46 - l. Is s a multiple of 20?
False
Suppose k - 4*r + 288 = 0, 0 = -4*k + 3*r - 1360 + 208. Is 5 a factor of (-1)/5 - k/15?
False
Let b(f) = 24*f**2 + 2*f - 1. Let i be b(1). Suppose 2*z + 13 = r + 2*r, 0 = -5*z - i. Suppose 8 = 3*c - r. Is c even?
False
Suppose -47 = -3*t + m, m - 23 = -3*t + t. Suppose -s - 11 = t. Let a = s + 58. Is 14 a factor of a?
False
Let c = -47 - -91. Is c a multiple of 3?
False
Let z = -39 - -69. Is z a multiple of 6?
True
Suppose 8*l - 11*l + 300 = 0. Does 19 divide l?
False
Let b(u) = -u**3 + 8*u**2 + u - 3. Suppose 2*a - a = 8. Is b(a) a multiple of 2?
False
Let v = 8 - -10. Is v a multiple of 9?
True
Suppose 0 = 6*k - k - 10. Let s = -28 + 80. Suppose -s = -0*l - k*l. Is 9 a factor of l?
False
Let f(b) = b**2 + 5*b - 2. Let x be f(-6). Is x/((6/(-20))/(-3)) a multiple of 20?
True
Let m(h) = 2 + h**3 + 3*h**2 + 0*h**2 - 5*h + 2*h. Suppose -5*f + k + 5 = 0, -2*f - 3*k + 19 = -0*k. Is 8 a factor of m(f)?
True
Let b(i) = i + 21. Is b(-10) a multiple of 2?
False
Let d = 392 + -271. Is 45 a factor of d?
False
Does 28 divide (1 - 9/6)/(2/(-660))?
False
Let y be (0 + 0)/(-1 - -2). Suppose -2*b + 5*v = 13, y = -v + 1. Is 6 a factor of (-2 + 0 + b)*-1?
True
Suppose -4*m + 134 = 3*n - 5*n, 2 = 2*n. Is 34 a factor of m?
True
Suppose -5*y + 4*h - 2 = 5*h, -2*y + 7 = 3*h. Let l(s) = 3*s**2 + 2*s + 1. Let p be l(y). Does 4 divide (-1 + p)/(1/6)?
False
Let v(c) be the first derivative of -25*c**4/4 - c**3/3 + c**2/2 + c - 1. Let l be v(-1). Suppose -2*d - 2*u + 8 = 0, -2 - l = -2*d + 4*u. Is 7 a factor of d?
True
Suppose 4*b 